 30498. What is the remainder when u is divided by 19?
17
Let c(p) = -15*p + 281. Calculate the remainder when c(-4) is divided by 49.
47
Suppose 4*u = -3*a + 293, 0 = -a + 3*a + 2. Calculate the remainder when u is divided by 13.
9
Suppose 4 + 4 = -4*u. Let i = u - -2. What is the remainder when 5 is divided by (i - (1 - 3))*1?
1
Suppose 11*w = 95*w - 504. Let q(t) = 15*t**2 - t - 1. What is the remainder when q(-1) is divided by w?
3
Suppose 0 = 2*o - 4*m, -o = o + 5*m. Suppose -2*y - 5*k + 459 = o, -6*y - 2*k = -y - 1158. What is the remainder when y is divided by 39?
37
Let f be ((-505)/(-15))/((-1)/(-12)). Let z = -614 + f. What is the remainder when (14/(-4))/(15/z) is divided by 13?
10
Let a = -38 - -38. Suppose 5*r + 6 - 36 = a. What is the remainder when 23 is divided by r?
5
Suppose 8*k - 27 = 61. Let g(h) = -h. Let t be g(-3). Let a = k + t. Calculate the remainder when a is divided by 5.
4
Let r(k) = k**2 + 65*k - 570. Calculate the remainder when 21 is divided by r(8).
7
Suppose -4*o + 8*o - 20 = 0. Let m(c) = 3 + 1 - o + 2 - 2*c. Calculate the remainder when 24 is divided by m(-2).
4
Suppose -5*i + 40 = -10*i. Let l be 1*13 - (i - -5). Let y = 24 - l. What is the remainder when y is divided by 5?
3
Let o(m) = -2*m**2 - 30*m + 5. What is the remainder when 165 is divided by o(-13)?
51
Let v be (-87)/27 + (-16)/(-72). Let g(q) = -2*q**3 - 2*q**2 - 6*q - 7. Calculate the remainder when g(v) is divided by 6.
5
Suppose -3*f = -2*p - 11, 2*p - 19 = -5*f + 2*f. What is the remainder when 2/6 + 45/27 is divided by p?
0
Suppose 0 = -28*r - 14 + 154. Calculate the remainder when 29 is divided by r.
4
Let x be ((-5)/6 - 13/78) + -1. Let q = x + 30. Calculate the remainder when q is divided by 10.
8
Suppose -49 = -5*v + 2*u, -2*u = -1 - 5. Suppose 14 = v*x - 239. What is the remainder when 87 is divided by x?
18
Suppose -5*b + 168 + 52 = 0. What is the remainder when b is divided by 22?
0
Let q be 27/(-36) - (-3)/4. Let m(d) = d**2 + 2*d + 13. Let c = 128 + -77. Calculate the remainder when c is divided by m(q).
12
Let p = 1179 - 1147. Calculate the remainder when 71 is divided by p.
7
What is the remainder when 295 is divided by 16/160 - (-2 - (-687)/(-30))?
20
Let m = -30 - -54. Let b be (4/(-8))/((-3)/m). Suppose 0 = -r - b*t - 12, -2*r + 6 = -5*t - 35. Calculate the remainder when r is divided by 5.
3
Let h = 615 - 346. What is the remainder when h is divided by 23?
16
Suppose d = -3*d - 5*b + 1125, 2*d - 559 = b. Suppose -2*j - 44 = -d. Calculate the remainder when j is divided by 24.
22
Suppose -505 = -85*f + 80*f. What is the remainder when f is divided by 10?
1
Suppose -2*b + 1060 = -662. Suppose b = -0*c + 3*c. Suppose 5*a - c - 183 = 0. Calculate the remainder when a is divided by 24.
22
Let s be 81*(1 - 8/12). Let f = s + -9. Suppose 4*b = f + 26. What is the remainder when 42 is divided by b?
9
Let r be (4/(-1))/(24/(-48)). Suppose 2*v - 372 = r*v. Let f = 111 + v. What is the remainder when f is divided by 13?
10
Let v(s) = 3*s**3 + 37*s**2 + 11*s. What is the remainder when 106 is divided by v(-12)?
10
Let b be 137/5 + 6/(-15). Let q be ((-9)/(-6))/((-6)/(-32)). Suppose -b = -r - q. Calculate the remainder when 35 is divided by r.
16
Let m(j) = -j**2 + 14*j - 15. Calculate the remainder when 136 is divided by m(10).
11
Suppose -23*m - 85 + 936 = 0. What is the remainder when m is divided by 15?
7
Let d = 26 - 20. Let x = 15 - d. Let h(b) = b**3 - 8*b**2 - 10*b + 13. What is the remainder when h(x) is divided by 3?
1
Let k(a) = -a**3 + 18*a**2 + 23*a - 42. Let h be k(19). Let t = 24 + h. What is the remainder when t is divided by 16?
10
Let d(m) = 7*m**2 + 3*m - 7. Calculate the remainder when d(-4) is divided by 32.
29
Let o(d) = -2*d**2 + 3*d - 5. Let z be o(-4). What is the remainder when 22 is divided by (-14)/z - 33/(-7)?
2
Let b(d) = d**2 + 16*d + 73. What is the remainder when 56 is divided by b(-11)?
2
Let d(c) = -c + 13. Let p be d(11). What is the remainder when 190 is divided by p/(-10) - 392/(-10)?
34
Suppose -5*a + 2 = -4*a, -n + 14 = -a. Let x(s) = 28*s**2 + 2*s - 3. Let m be x(2). Suppose m - 357 = -4*i. What is the remainder when i is divided by n?
13
Let w = -15 + 13. Calculate the remainder when 17 is divided by (1/1 - w) + 3.
5
Suppose 3*z = -5*g + 340, 219 + 121 = 5*g + z. Calculate the remainder when 745 is divided by g.
65
Let q(u) = 61*u - 199. Calculate the remainder when 222 is divided by q(4).
42
Suppose -33*o - 110 = -5*k - 29*o, k + 3*o = 3. What is the remainder when 70 is divided by k?
16
Let q = -2 + 4. What is the remainder when 2/((8/10)/(30/25)) is divided by ((-3)/6*q)/(-1)?
0
What is the remainder when 279 is divided by (15 - 10/5)*1?
6
Calculate the remainder when 139 is divided by 66/55*175/15.
13
Let y be -102 - 3/((-15)/5). What is the remainder when (-12)/3 - (y - -4) is divided by 47?
46
Let r = -45 - -49. Suppose 0 = -h - 3, 83 = 5*q + r*h. What is the remainder when q is divided by 11?
8
Suppose d - 150 = 142. Let y = 783 - d. Suppose 149 = -6*n + y. What is the remainder when n is divided by 20?
17
Let s(l) = -3*l**2 + 106*l - 28. What is the remainder when 20 is divided by s(35)?
6
Let g(d) = -2*d + 6. Let n be (-16)/(-56) - 19/(-7). Suppose n*h - 2*y - 128 = 0, 9*y - 4*y = 3*h - 131. What is the remainder when h is divided by g(-8)?
20
Let y = -54 + 156. What is the remainder when y is divided by 24/54*30 + (-6)/18?
11
Suppose -431 = -8*h + 41. What is the remainder when h is divided by 33?
26
Let f(d) = d**3 + 3*d + 9. What is the remainder when 67 is divided by f(0)?
4
Calculate the remainder when 79 is divided by 432/28 - (-1)/((-35)/(-20)).
15
Let d(p) = 3*p - 6. Let h = 84 - 71. Let w = 21 - 12. Calculate the remainder when d(h) is divided by w.
6
Let y(u) = -3*u + 4. Let p(w) = -w**2. Let n(m) = 3*m**2 + 3. Let s(r) = -n(r) - 2*p(r). Let k be s(0). What is the remainder when 23 is divided by y(k)?
10
Let i = -5 + 12. Suppose -i*u + 3*u + 36 = 0. Calculate the remainder when (-4)/5*(u - 39) is divided by 9.
6
Suppose 2496 = 17*a + 167. Calculate the remainder when 409 is divided by a.
135
Let g(u) = 2*u**2 + 12*u - 23. Calculate the remainder when 854 is divided by g(-10).
56
Suppose -3*v - 2*s - 4 + 31 = 0, -v = -3*s + 2. Let o = -1376 + 1417. What is the remainder when o is divided by v?
6
Suppose -5*i + 0*i = -25. Suppose i*z + 3*v = 9*z - 76, z - 14 = 2*v. Calculate the remainder when z is divided by 4.
2
Let w = 1290 - 1277. What is the remainder when 51 is divided by w?
12
Suppose 0 = 5*x - 10*x + 210. What is the remainder when 4/(-7) + 570/x is divided by (-58)/(-8) + 6/(-24)?
6
Suppose -n + 27 = -0*n. Suppose -3*j - 17 = 112. Let f = -29 - j. What is the remainder when n is divided by f?
13
Suppose 0*z - 4*z = -4*h + 264, 12 = -3*z. Suppose 2*b - h + 6 = 0. Calculate the remainder when b is divided by 16.
12
Let i(s) = s**2 + 2*s - 18. What is the remainder when 91 is divided by i(-7)?
6
Let s(z) = 18*z + 3. Let w(n) = n. Let f(y) = s(y) - 4*w(y). What is the remainder when f(3) is divided by 16?
13
Let g = -54 - -103. Suppose 0 = -2*v + v - u + 94, -2*v + 197 = -u. Calculate the remainder when v is divided by g.
48
Let y = -169 - -232. Suppose -5*u + 70 = -0*u + 2*q, -55 = -5*u - 5*q. Calculate the remainder when y is divided by u.
15
Suppose -31*d + 33*d = 4. What is the remainder when d is divided by 1?
0
Let l(r) = -r**3 - 5*r**2 - 7*r - 4. Suppose -3*u + 4*s - 3 = -15, -4*u + 47 = 5*s. Calculate the remainder when l(-5) is divided by u.
7
Let v = -117 + 169. Suppose 0 = -8*w - 5*w + v. Calculate the remainder when 10 is divided by w.
2
Suppose 0 = g - 5, 4*t + 61 + 2 = -g. What is the remainder when 64 is divided by 132/10 - t/(-85)?
12
Let c = -135 - -280. Calculate the remainder when c is divided by 33.
13
Suppose -3*y - 2*j + 6*j = -124, -2*j = 3*y - 100. Suppose h = 86 - y. Calculate the remainder when 199 is divided by h.
49
Suppose -8*l + 146 = -4*l + 2*v, 0 = -l + 3*v + 47. Calculate the remainder when l is divided by 28.
10
What is the remainder when (1 - (8 - 5))*-4*31 is divided by 50?
48
Let d = -60 - -62. Suppose k = d*b + 7, 3*k - 26 - 11 = -2*b. Calculate the remainder when 63 is divided by k.
8
Let o(r) = -42*r**3 + r**2 + 5*r + 2. Let c be o(-